{"id":143,"date":"2023-07-15T23:38:36","date_gmt":"2023-07-15T21:38:36","guid":{"rendered":"https:\/\/parolryby.pl\/?page_id=143"},"modified":"2023-09-16T14:55:50","modified_gmt":"2023-09-16T12:55:50","slug":"historia-smaku","status":"publish","type":"page","link":"https:\/\/parolryby.pl\/index.php\/historia-smaku\/","title":{"rendered":"Historia smaku"},"content":{"rendered":"\n<h3 class=\"wp-block-heading alignwide\">Historia smaku<\/h3>\n\n\n\n<div class=\"wp-block-group is-layout-constrained wp-block-group-is-layout-constrained\">\n<div class=\"wp-block-media-text alignwide has-media-on-the-right is-stacked-on-mobile is-vertically-aligned-center is-image-fill\"><div class=\"wp-block-media-text__content\">\n<p class=\"has-medium-font-size\">Nasze gospodarstwo usytuowane jest 15 km od Olsztyna, w malowniczej wsi Kaborno. Znajduj\u0105 si\u0119 tu \u017ar\u00f3d\u0142a bij\u0105ce krystalicznie czyst\u0105, zimn\u0105 wod\u0105 maj\u0105ce swoje pocz\u0105tki ju\u017c w XVII w.<\/p>\n<\/div><figure class=\"wp-block-media-text__media\" style=\"background-image:url(https:\/\/parolryby.pl\/wp-content\/uploads\/2023\/07\/kaborno-3-1024x575.jpeg);background-position:50% 50%\"><img loading=\"lazy\" decoding=\"async\" width=\"1024\" height=\"575\" src=\"https:\/\/parolryby.pl\/wp-content\/uploads\/2023\/07\/kaborno-3-1024x575.jpeg\" alt=\"\" class=\"wp-image-146 size-full\" srcset=\"https:\/\/parolryby.pl\/wp-content\/uploads\/2023\/07\/kaborno-3-1024x575.jpeg 1024w, https:\/\/parolryby.pl\/wp-content\/uploads\/2023\/07\/kaborno-3-300x168.jpeg 300w, https:\/\/parolryby.pl\/wp-content\/uploads\/2023\/07\/kaborno-3-768x431.jpeg 768w, https:\/\/parolryby.pl\/wp-content\/uploads\/2023\/07\/kaborno-3.jpeg 1250w\" sizes=\"auto, (max-width: 1024px) 100vw, 1024px\" \/><\/figure><\/div>\n<\/div>\n\n\n\n<blockquote class=\"wp-block-quote is-style-default has-medium-font-size is-layout-flow wp-block-quote-is-layout-flow\">\n<p class=\"has-medium-font-size\">Anonim 1656 rok:<strong> <\/strong><\/p>\n<cite>\u201eZa wsi\u0105, na granicy z gruntami wsi Tr\u0119kus, na strumieniu biegn\u0105cym ku Jezioru Linowskiemu, zbudowano m\u0142yn zwany Kalbornik, oddawany przez kapitu\u0142\u0119 w dzier\u017caw\u0119 lub lenno. Strumie\u0144 by\u0142 bardzo nik\u0142y, tote\u017c i m\u0142yn by\u0142 niewielki.\u201d<\/cite><\/blockquote>\n\n\n\n<div class=\"wp-block-group is-nowrap is-layout-flex wp-container-core-group-is-layout-6c531013 wp-block-group-is-layout-flex\">\n<figure class=\"wp-block-image size-large is-resized is-style-default\"><img loading=\"lazy\" decoding=\"async\" src=\"https:\/\/parolryby.pl\/wp-content\/uploads\/2023\/09\/379269636_1659268871260835_6885237746857222647_n-653x1024.jpg\" alt=\"\" class=\"wp-image-377\" style=\"object-fit:contain;width:257px;height:457px\" width=\"257\" height=\"457\"\/><\/figure>\n\n\n\n<div class=\"wp-block-group is-layout-constrained wp-block-group-is-layout-constrained\">\n<p class=\"has-medium-font-size\">M\u0142yn zosta\u0142 przeniesiony do Skansenu w Olsztynku, gdzie znajduje si\u0119 do dzisiaj, a woda w strumieniu zyska\u0142a nowe zastosowanie &#8211; jej jako\u015b\u0107 i temperatura okaza\u0142y si\u0119 idealne do niewielkiej hodowli pstr\u0105ga<strong> <\/strong>t\u0119czowego. <br><br>Pierwsze pozwolenie na hodowl\u0119 gospodarstwo uzyska\u0142o w 1987 roku i od tego czasu mo\u017cna tu z\u0142apa\u0107 pstr\u0105ga oraz inne ryby.<\/p>\n<\/div>\n<\/div>\n\n\n\n<p class=\"has-medium-font-size\"><\/p>\n\n\n\n<div class=\"wp-block-group is-nowrap is-layout-flex wp-container-core-group-is-layout-6c531013 wp-block-group-is-layout-flex\">\n<p class=\"has-medium-font-size\"><strong>W\u0119dzone ryby\u00a0<\/strong>go\u015bci\u0142y u nas w domu od zawsze &#8211; to dlatego tradycyjny piec w\u0119dzarniczy z czerwonej ceg\u0142y zwi\u0105zanej glink\u0105 szamotow\u0105 jest sercem <em>Tradycyjnej W\u0119dzarni Warmi\u0144skiej<\/em>. <\/p>\n\n\n\n<figure class=\"wp-block-image size-full is-resized\"><img loading=\"lazy\" decoding=\"async\" src=\"https:\/\/parolryby.pl\/wp-content\/uploads\/2023\/09\/SLK_3416-750x750-1.jpeg\" alt=\"\" class=\"wp-image-380\" style=\"object-fit:contain;width:315px;height:315px\" width=\"315\" height=\"315\" srcset=\"https:\/\/parolryby.pl\/wp-content\/uploads\/2023\/09\/SLK_3416-750x750-1.jpeg 750w, https:\/\/parolryby.pl\/wp-content\/uploads\/2023\/09\/SLK_3416-750x750-1-300x300.jpeg 300w, https:\/\/parolryby.pl\/wp-content\/uploads\/2023\/09\/SLK_3416-750x750-1-150x150.jpeg 150w\" sizes=\"auto, (max-width: 315px) 100vw, 315px\" \/><\/figure>\n<\/div>\n\n\n\n<p><\/p>\n\n\n\n<div class=\"wp-block-cover alignwide\"><span aria-hidden=\"true\" class=\"wp-block-cover__background has-background-dim\"><\/span><img loading=\"lazy\" decoding=\"async\" width=\"750\" height=\"750\" class=\"wp-block-cover__image-background wp-image-381\" alt=\"\" src=\"https:\/\/parolryby.pl\/wp-content\/uploads\/2023\/09\/SLK_3260-750x750-1.jpeg\" data-object-fit=\"cover\" srcset=\"https:\/\/parolryby.pl\/wp-content\/uploads\/2023\/09\/SLK_3260-750x750-1.jpeg 750w, https:\/\/parolryby.pl\/wp-content\/uploads\/2023\/09\/SLK_3260-750x750-1-300x300.jpeg 300w, https:\/\/parolryby.pl\/wp-content\/uploads\/2023\/09\/SLK_3260-750x750-1-150x150.jpeg 150w\" sizes=\"auto, (max-width: 750px) 100vw, 750px\" \/><div class=\"wp-block-cover__inner-container is-layout-flow wp-block-cover-is-layout-flow\">\n<p class=\"has-text-align-center has-large-font-size\"><strong> Sekretem niepowtarzalnego smaku naszych w\u0119dzonek jest spos\u00f3b ich przygotowania. <\/strong><\/p>\n\n\n\n<ul class=\"wp-block-list\">\n<li>Ka\u017cda ryba po wypatroszeniu jest r\u0119cznie nacierana sol\u0105, a p\u00f3\u017aniej przechowywana w ch\u0142odnym i zacienionym miejscu przez kilkadziesi\u0105t godzin.<\/li>\n\n\n\n<li> Nast\u0119pnie jest p\u0142ukana i star\u0105 warmi\u0144sk\u0105 metod\u0105 zawieszana na haczykach. Dzi\u0119ki nim ka\u017cda ryba idealnie zachowuje sw\u00f3j pierwotny kszta\u0142t. <\/li>\n\n\n\n<li>W\u0119dzenie na gor\u0105co mieszank\u0105 drzew li\u015bciastych odbywa si\u0119 od 3 do 6 godzin. W czasie w\u0119dzenia ryby przybieraj\u0105 barw\u0119 ciemnego z\u0142ota.<\/li>\n<\/ul>\n\n\n\n<p><strong>Nasze przetwory\u00a0produkowane s\u0105 bez sztucznych dodatk\u00f3w, aromat\u00f3w, s\u0142odzik\u00f3w i konserwant\u00f3w, na podstawie receptur sprzed lat<\/strong>!<\/p>\n<\/div><\/div>\n\n\n\n<p><\/p>\n\n\n\n<div class=\"wp-block-group alignwide is-nowrap is-layout-flex wp-container-core-group-is-layout-6c531013 wp-block-group-is-layout-flex\">\n<p class=\"has-medium-font-size\"><strong>Ryby marynowane oraz galarety rybne<\/strong> w s\u0142oikach to specjalno\u015b\u0107 mojej babci, gdy\u017c w dawnych latach by\u0142 to najbardziej skuteczny spos\u00f3b konserwowania produkt\u00f3w sezonowych, w szczeg\u00f3lno\u015bci ryb. Go\u015bcie odwiedzaj\u0105cy nasz dom zajadali si\u0119 rybami w\u0119dzonymi, ale to w\u0142a\u015bnie ryby w s\u0142oikach by\u0142y tym, co chcieli zabra\u0107 ze sob\u0105 w drog\u0119 powrotn\u0105.<\/p>\n<\/div>\n\n\n\n<p class=\"has-medium-font-size\"><\/p>\n\n\n\n<div class=\"wp-block-group alignwide is-nowrap is-layout-flex wp-container-core-group-is-layout-6c531013 wp-block-group-is-layout-flex\">\n<p class=\"has-medium-font-size\"><strong>Marynaty rybne<\/strong>\u00a0to ryby opiekane i marynowane w s\u0142odkiej zalewie octowej, przez okres, co najmniej 1 tygodnia. W tym czasie mi\u0119so nabiera charakterystycznego s\u0142odko-kwa\u015bnego smaku, o\u015bci staj\u0105 si\u0119 mi\u0119kkie, a sk\u00f3ra delikatna. Dodatek cebuli dope\u0142nia reszty.<\/p>\n\n\n\n<figure class=\"wp-block-image size-full is-resized\"><img loading=\"lazy\" decoding=\"async\" src=\"https:\/\/parolryby.pl\/wp-content\/uploads\/2023\/09\/marynaty-edited.jpeg\" alt=\"\" class=\"wp-image-383\" style=\"object-fit:contain;width:299px;height:187px\" width=\"299\" height=\"187\" srcset=\"https:\/\/parolryby.pl\/wp-content\/uploads\/2023\/09\/marynaty-edited.jpeg 325w, https:\/\/parolryby.pl\/wp-content\/uploads\/2023\/09\/marynaty-edited-300x187.jpeg 300w\" sizes=\"auto, (max-width: 299px) 100vw, 299px\" \/><\/figure>\n<\/div>\n\n\n\n<p><\/p>\n\n\n\n<div class=\"wp-block-group alignwide is-nowrap is-layout-flex wp-container-core-group-is-layout-6c531013 wp-block-group-is-layout-flex\">\n<p class=\"has-medium-font-size\"><strong>Galarety rybne<\/strong>\u00a0&#8211; najbardziej delikatne, gdy\u017c s\u0105 to ryby gotowane w wywarze z warzywami, bez dodatku octu, czy kwasku cytrynowego, a jedynie pasteryzowane.<\/p>\n\n\n\n<figure class=\"wp-block-image size-full is-resized\"><img loading=\"lazy\" decoding=\"async\" src=\"https:\/\/parolryby.pl\/wp-content\/uploads\/2023\/09\/galareta-edited.jpeg\" alt=\"\" class=\"wp-image-382\" style=\"object-fit:contain;width:306px;height:191px\" width=\"306\" height=\"191\" srcset=\"https:\/\/parolryby.pl\/wp-content\/uploads\/2023\/09\/galareta-edited.jpeg 325w, https:\/\/parolryby.pl\/wp-content\/uploads\/2023\/09\/galareta-edited-300x187.jpeg 300w\" sizes=\"auto, (max-width: 306px) 100vw, 306px\" \/><\/figure>\n<\/div>\n\n\n\n<p class=\"has-medium-font-size\"><\/p>\n\n\n\n<figure class=\"wp-block-embed alignwide is-type-video is-provider-youtube wp-block-embed-youtube wp-embed-aspect-16-9 wp-has-aspect-ratio\"><div class=\"wp-block-embed__wrapper\">\n<iframe loading=\"lazy\" title=\"Parol - ryby z Kaborna - tradycyjna w\u0119dzarnia warmi\u0144ska\" width=\"500\" height=\"281\" src=\"https:\/\/www.youtube.com\/embed\/iYTuwc2j2TA?feature=oembed\" frameborder=\"0\" allow=\"accelerometer; autoplay; clipboard-write; encrypted-media; gyroscope; picture-in-picture; web-share\" referrerpolicy=\"strict-origin-when-cross-origin\" allowfullscreen><\/iframe>\n<\/div><\/figure>\n\n\n\n<div class=\"wp-block-group alignwide is-nowrap is-layout-flex wp-container-core-group-is-layout-6c531013 wp-block-group-is-layout-flex\">\n<p>Przez 15 lat (od 2007 do 2022 roku) byli\u015bmy cz\u0142onkiem <strong>Europejskiej Sieci Dziedzictwa Kulinarnego Warmia, Mazury, Powi\u015ble.<\/strong> Stanowi\u0142o to potwierdzenie, \u017ce opieramy swoj\u0105 produkcj\u0119 na lokalnych surowcach i tradycyjnych metodach przetw\u00f3rczych. Niestety wraz ze zmian\u0105 formu\u0142y przyznawania tego znaku, zostali\u015bmy zmuszeni do rezygnacji z jego u\u017cywania. Jednak nadal pozostajemy wierni zasadom jakie przez te wszystkie lata nam przy\u015bwieca\u0142y: <strong>lokalnie, \u015bwie\u017co i tradycyjnie!<\/strong><\/p>\n\n\n\n<figure class=\"wp-block-image size-full is-resized is-style-default\"><img loading=\"lazy\" decoding=\"async\" src=\"https:\/\/parolryby.pl\/wp-content\/uploads\/2023\/07\/dziedzictwo-certyfikat_edited.jpg\" alt=\"\" class=\"wp-image-147\" style=\"object-fit:contain;width:156px;height:229px\" width=\"156\" height=\"229\" srcset=\"https:\/\/parolryby.pl\/wp-content\/uploads\/2023\/07\/dziedzictwo-certyfikat_edited.jpg 552w, https:\/\/parolryby.pl\/wp-content\/uploads\/2023\/07\/dziedzictwo-certyfikat_edited-204x300.jpg 204w\" sizes=\"auto, (max-width: 156px) 100vw, 156px\" \/><\/figure>\n<\/div>\n\n\n\n<div class=\"wp-block-cover alignfull is-light has-medium-font-size\" style=\"padding-top:var(--wp--preset--spacing--80);padding-bottom:var(--wp--preset--spacing--80);min-height:578px;aspect-ratio:unset;\"><span aria-hidden=\"true\" class=\"wp-block-cover__background has-background-background-color has-background-dim-100 has-background-dim\"><\/span><div class=\"wp-block-cover__inner-container is-layout-constrained wp-block-cover-is-layout-constrained\">\n<p class=\"has-text-align-center has-large-font-size\">Gdzie\u015b nad mazurskimi jeziorami&#8230;<\/p>\n\n\n\n<div class=\"wp-block-group has-x-large-font-size is-layout-constrained wp-container-core-group-is-layout-3ab71486 wp-block-group-is-layout-constrained\" style=\"margin-top:var(--wp--preset--spacing--50);margin-bottom:var(--wp--preset--spacing--50);padding-top:var(--wp--preset--spacing--50);padding-right:0;padding-bottom:var(--wp--preset--spacing--50);padding-left:0\">\n<div class=\"wp-block-columns is-layout-flex wp-container-core-columns-is-layout-28f84493 wp-block-columns-is-layout-flex\">\n<div class=\"wp-block-column is-layout-flow wp-block-column-is-layout-flow\" style=\"flex-basis:100%\">\n<div class=\"wp-block-group is-layout-constrained wp-block-group-is-layout-constrained\">\n<figure class=\"wp-block-image size-full is-style-default\"><img loading=\"lazy\" decoding=\"async\" width=\"600\" height=\"307\" src=\"https:\/\/parolryby.pl\/wp-content\/uploads\/2023\/09\/wod1-2.jpeg\" alt=\"\" class=\"wp-image-339\" srcset=\"https:\/\/parolryby.pl\/wp-content\/uploads\/2023\/09\/wod1-2.jpeg 600w, https:\/\/parolryby.pl\/wp-content\/uploads\/2023\/09\/wod1-2-300x154.jpeg 300w\" sizes=\"auto, (max-width: 600px) 100vw, 600px\" \/><\/figure>\n<\/div>\n\n\n\n<figure class=\"wp-block-image size-full\"><img loading=\"lazy\" decoding=\"async\" width=\"600\" height=\"379\" src=\"https:\/\/parolryby.pl\/wp-content\/uploads\/2023\/09\/wod2-2.jpeg\" alt=\"\" class=\"wp-image-337\" srcset=\"https:\/\/parolryby.pl\/wp-content\/uploads\/2023\/09\/wod2-2.jpeg 600w, https:\/\/parolryby.pl\/wp-content\/uploads\/2023\/09\/wod2-2-300x190.jpeg 300w\" sizes=\"auto, (max-width: 600px) 100vw, 600px\" \/><\/figure>\n\n\n\n<figure class=\"wp-block-image size-full\"><img loading=\"lazy\" decoding=\"async\" width=\"600\" height=\"379\" src=\"https:\/\/parolryby.pl\/wp-content\/uploads\/2023\/09\/wod3-2.jpeg\" alt=\"\" class=\"wp-image-338\" srcset=\"https:\/\/parolryby.pl\/wp-content\/uploads\/2023\/09\/wod3-2.jpeg 600w, https:\/\/parolryby.pl\/wp-content\/uploads\/2023\/09\/wod3-2-300x190.jpeg 300w\" sizes=\"auto, (max-width: 600px) 100vw, 600px\" \/><\/figure>\n<\/div>\n<\/div>\n<\/div>\n<\/div><\/div>\n","protected":false},"excerpt":{"rendered":"<p>Historia smaku Nasze gospodarstwo usytuowane jest 15 km od Olsztyna, w malowniczej wsi Kaborno. Znajduj\u0105 si\u0119 tu \u017ar\u00f3d\u0142a bij\u0105ce krystalicznie czyst\u0105, zimn\u0105 wod\u0105 maj\u0105ce swoje pocz\u0105tki ju\u017c w XVII w. Anonim 1656 rok: \u201eZa wsi\u0105, na granicy z gruntami wsi Tr\u0119kus, na strumieniu biegn\u0105cym ku Jezioru Linowskiemu, zbudowano m\u0142yn zwany Kalbornik, oddawany przez kapitu\u0142\u0119 w [&hellip;]<\/p>\n","protected":false},"author":1,"featured_media":0,"parent":0,"menu_order":0,"comment_status":"closed","ping_status":"closed","template":"","meta":{"footnotes":""},"class_list":["post-143","page","type-page","status-publish","hentry"],"_links":{"self":[{"href":"https:\/\/parolryby.pl\/index.php\/wp-json\/wp\/v2\/pages\/143","targetHints":{"allow":["GET"]}}],"collection":[{"href":"https:\/\/parolryby.pl\/index.php\/wp-json\/wp\/v2\/pages"}],"about":[{"href":"https:\/\/parolryby.pl\/index.php\/wp-json\/wp\/v2\/types\/page"}],"author":[{"embeddable":true,"href":"https:\/\/parolryby.pl\/index.php\/wp-json\/wp\/v2\/users\/1"}],"replies":[{"embeddable":true,"href":"https:\/\/parolryby.pl\/index.php\/wp-json\/wp\/v2\/comments?post=143"}],"version-history":[{"count":22,"href":"https:\/\/parolryby.pl\/index.php\/wp-json\/wp\/v2\/pages\/143\/revisions"}],"predecessor-version":[{"id":396,"href":"https:\/\/parolryby.pl\/index.php\/wp-json\/wp\/v2\/pages\/143\/revisions\/396"}],"wp:attachment":[{"href":"https:\/\/parolryby.pl\/index.php\/wp-json\/wp\/v2\/media?parent=143"}],"curies":[{"name":"wp","href":"https:\/\/api.w.org\/{rel}","templated":true}]}}