{"id":266,"date":"2023-07-16T14:15:38","date_gmt":"2023-07-16T12:15:38","guid":{"rendered":"https:\/\/parolryby.pl\/?page_id=266"},"modified":"2023-07-16T14:15:38","modified_gmt":"2023-07-16T12:15:38","slug":"raport-numeru-pstrag-teczowy","status":"publish","type":"page","link":"https:\/\/parolryby.pl\/index.php\/raport-numeru-pstrag-teczowy\/","title":{"rendered":"Raport numeru &#8211; Pstr\u0105g t\u0119czowy"},"content":{"rendered":"\n<p>Raport Magazynu Przemys\u0142u Rybnego &#8211; Kilka s\u0142\u00f3w na temat pstr\u0105ga t\u0119czowego w Polsce i w Europie.\u00a0<\/p>\n\n\n\n<div class=\"wp-block-buttons is-content-justification-center is-layout-flex wp-container-core-buttons-is-layout-a89b3969 wp-block-buttons-is-layout-flex\">\n<div class=\"wp-block-button\"><a class=\"wp-block-button__link has-foreground-color has-background-background-color has-text-color has-background wp-element-button\" href=\"\" target=\"_blank\" rel=\"noreferrer noopener\">Raport<\/a><\/div>\n<\/div>\n","protected":false},"excerpt":{"rendered":"<p>Raport Magazynu Przemys\u0142u Rybnego &#8211; Kilka s\u0142\u00f3w na temat pstr\u0105ga t\u0119czowego w Polsce i w Europie.\u00a0<\/p>\n","protected":false},"author":1,"featured_media":0,"parent":0,"menu_order":0,"comment_status":"closed","ping_status":"closed","template":"","meta":{"footnotes":""},"class_list":["post-266","page","type-page","status-publish","hentry"],"_links":{"self":[{"href":"https:\/\/parolryby.pl\/index.php\/wp-json\/wp\/v2\/pages\/266","targetHints":{"allow":["GET"]}}],"collection":[{"href":"https:\/\/parolryby.pl\/index.php\/wp-json\/wp\/v2\/pages"}],"about":[{"href":"https:\/\/parolryby.pl\/index.php\/wp-json\/wp\/v2\/types\/page"}],"author":[{"embeddable":true,"href":"https:\/\/parolryby.pl\/index.php\/wp-json\/wp\/v2\/users\/1"}],"replies":[{"embeddable":true,"href":"https:\/\/parolryby.pl\/index.php\/wp-json\/wp\/v2\/comments?post=266"}],"version-history":[{"count":1,"href":"https:\/\/parolryby.pl\/index.php\/wp-json\/wp\/v2\/pages\/266\/revisions"}],"predecessor-version":[{"id":267,"href":"https:\/\/parolryby.pl\/index.php\/wp-json\/wp\/v2\/pages\/266\/revisions\/267"}],"wp:attachment":[{"href":"https:\/\/parolryby.pl\/index.php\/wp-json\/wp\/v2\/media?parent=266"}],"curies":[{"name":"wp","href":"https:\/\/api.w.org\/{rel}","templated":true}]}}